 z.
2, 5
Let v = 175 - 35. List the prime factors of v.
2, 5, 7
List the prime factors of (1*(-192)/28)/((-6)/105).
2, 3, 5
Let f = 2 - -1. Suppose 0 = -2*q + f*j + 28, q + 5*j = -15 + 3. What are the prime factors of q?
2
Let l = -238 + 108. Let a = -87 - l. List the prime factors of a.
43
Let h = 7 + -16. Let f = -1 - 20. Let q = h - f. What are the prime factors of q?
2, 3
Let l = -134 + 234. List the prime factors of l.
2, 5
Let a(v) be the first derivative of -v**3/3 + 6*v**2 - 4*v + 6. List the prime factors of a(6).
2
Let c(f) = f**2 + 5*f. Let m(z) = z**2 + 3*z. Let o(p) = 5*c(p) - 8*m(p). Let h be o(3). Let u = h - -34. List the prime factors of u.
2, 5
Let j = 16 + 26. What are the prime factors of j?
2, 3, 7
Let t be (-12)/28*7/(-1). Suppose 4*x = t*i - 0 + 20, 3*i + 4 = -4*x. List the prime factors of x.
2
Suppose -i + 4*c + 26 = 0, 0 = c - 2*c + 2. Let k = -20 + i. List the prime factors of k.
2, 7
Let b(f) be the second derivative of f**4/6 + f**3/3 - f**2 + f. Let u be b(-2). Suppose 7*k - 20 = u*k. What are the prime factors of k?
2
Suppose 0 = -3*q + 293 + 328. List the prime factors of q.
3, 23
Let r(h) = h**3 + 6*h**2 - 4*h + 4. List the prime factors of r(-5).
7
Let n = 2 + -2. Suppose z + 5*a - 30 = n, -5*z + 2*z + 2*a + 5 = 0. Suppose -i + z*i + 47 = 3*k, -4*i = -k + 29. What are the prime factors of k?
3
Let d(p) = p**2 - 11*p + 4. Let u(t) = -2*t**2 + 21*t - 8. Let i(s) = 5*d(s) + 3*u(s). Let b be i(10). Let r = b - -34. List the prime factors of r.
2, 5
Let n(u) = 6*u**2 + 11*u + 15. What are the prime factors of n(-6)?
3, 5, 11
Let t = -110 + 155. What are the prime factors of t?
3, 5
List the prime factors of (-1834)/(-10) + (-27)/(-45).
2, 23
Suppose 3*v + 44 = 4*a, -5*a + 32 + 18 = -5*v. What are the prime factors of a?
2, 7
Suppose 0 = -2*z - 3*y + 55, -2*z + 0*y - y + 53 = 0. What are the prime factors of z?
2, 13
Let y(l) = 5*l. Let k(z) = 11*z + 1. Let r(w) = -4*k(w) + 9*y(w). List the prime factors of r(6).
2
Let a(d) = d**3 - 2*d**2 + 3*d - 2. Let v(s) = -s**3 + 4*s**2 + 2*s - 6. Let b be v(4). Let h be a(b). List the prime factors of 80/15*6/h.
2
Let u = 21 - 15. Let f = 6 + u. List the prime factors of f.
2, 3
Let d(a) be the first derivative of -a**2/2 + 7*a - 2. Let y be d(3). Suppose z + y*z - 30 = 0. List the prime factors of z.
2, 3
Suppose -15 = -5*q + 5*w, -5*q + w + 2*w = -15. Let t = -2 - 1. Let l = q - t. What are the prime factors of l?
2, 3
Let j(v) = -v - 10. Let s be j(-9). List the prime factors of s + 1/((-1)/(-4)).
3
Let v = 1 - -48. List the prime factors of v.
7
Suppose 5*g - 3*b + 10 = 0, -5*g + 2*b = -3*b. Let d = g + 42. List the prime factors of d.
37
Suppose -3*f + f = -c - 16, -5*c + 16 = 2*f. Suppose -4*r + f + 16 = v, 0 = -r - 2*v + 13. List the prime factors of r.
5
Suppose -2*c = -d + 13, -c + 5 = -2*c. Suppose d*w + 4*p - 74 = -p, -5*w + 70 = -5*p. Suppose -4*m + 70 = w. List the prime factors of m.
13
Suppose o + i - 25 = 0, -2*o + 24 = -4*i - 20. Let f(x) = -3*x - 8. Let p be f(-6). Let k = o - p. List the prime factors of k.
2, 7
Let t(l) = -l**3 - 16*l**2 + 16*l + 38. What are the prime factors of t(-17)?
5, 11
Let z be ((-6)/(-3))/((-4)/(-10)). Suppose -z*j + 4 + 21 = 0, 3*p = 4*j + 7. List the prime factors of p.
3
Suppose 0 = 2*c + c - 3, 0 = -4*n + 2*c - 70. Let v = n + 24. What are the prime factors of v?
7
Suppose -2*f - 5*t = -14, 0*f + 5*t = -4*f + 18. Suppose -3*v - 1 = f. Let o(q) = 4*q**2 + 2*q + 1. What are the prime factors of o(v)?
3
Let c = 6 - 4. Suppose z + 2*t = 5, 2*z - 68 = -c*z + 4*t. List the prime factors of z.
13
Let v = 3 + -2. Let y(r) be the second derivative of 4*r**3/3 - r**2/2 - 3*r. What are the prime factors of y(v)?
7
Suppose -r = 4*g - 64, 0 = -5*r + g - 3*g + 302. Let x be ((-4)/(-8))/(1/r). Suppose -2*f + 5*f = x. What are the prime factors of f?
2, 5
Let i(p) = -3*p + 3. Let t be i(-4). Let m = -14 + 10. Let y = t + m. What are the prime factors of y?
11
Suppose 0 = -4*z + z - 6, 5*c = -4*z + 92. Suppose 0*s = -5*s + c. List the prime factors of 1/((1 - -1)/s).
2
Suppose 555 = 4*q - g, -q + 0*g = 4*g - 143. What are the prime factors of q?
139
Let y(z) = z - 1. Let c be y(1). Let p(f) = -13*f + 45. Let w(r) = -3*r + 11. Let o(d) = -2*p(d) + 9*w(d). List the prime factors of o(c).
3
Suppose 0 = u + 5*i + 20, 4*i - 3*i + 4 = 0. Suppose 5*z - 8 - 7 = u. Let p(q) = q**3 - 2*q**2 + 2*q - 4. List the prime factors of p(z).
11
Suppose 0 = 4*p + q - 3, -q = p - 2*q + 3. Suppose p = 2*v - v - 48. Suppose 12 - v = -4*t. What are the prime factors of t?
3
Suppose 7 = 5*w - 8. Suppose -4*r + 114 = -m - 4*m, w*m = 2*r - 58. Suppose -s + 3*s = r. List the prime factors of s.
13
Suppose -h + 155 = 4*h + 3*r, 0 = -2*h - 5*r + 81. Suppose -4*n + h = -0*n. Suppose -n = -w + o, -2*w + 2*o = -o - 19. What are the prime factors of w?
2
Suppose -y + 2*y - 5 = 0. Let t be 64 + 5 + (3 - 2). Suppose 3*q - 2*q = -3*h + 14, y*q + h = t. List the prime factors of q.
2, 7
Let g(i) = -71*i - 2. List the prime factors of g(-1).
3, 23
Let p = 23 - 22. Let b = p + 23. List the prime factors of b.
2, 3
Let m(i) = -10*i - 12. Suppose -4*v - 26 = -2*f, -3*f + 15 = -3*v - 12. List the prime factors of m(v).
2, 7
Let w(s) = s**3 + 7*s**2 + 6*s - 6. Let b be (-104)/24 - 2/3. List the prime factors of w(b).
2, 7
Suppose 2*p + c - 44 = p, 3*c = 3*p - 126. Let j = p + -28. What are the prime factors of j?
3, 5
Let b(n) = -3*n + 1. Suppose -4*g - g = -k + 14, -k = g - 20. Let s be (-3)/15 - k/5. What are the prime factors of b(s)?
13
Let s = 12 + -10. Suppose -31 - 1 = -4*l - s*k, -l + 2*k = -8. List the prime factors of l.
2
Suppose -5*y = 4*i - 1914, y - 3*i = -2*i + 381. List the prime factors of y.
2, 191
What are the prime factors of (-3)/6 - 74*(-2)/8?
2, 3
Suppose -5*r = -3*x + 102, 5*r + 18 = -x + 52. What are the prime factors of x?
2, 17
Suppose -25 = 4*o + n, -2*o = n + 2*n + 15. List the prime factors of 54/4 - o/(-12).
13
Let p = -17 + 47. Suppose -130 = -5*y + p. Suppose 4*w - 8 = y. What are the prime factors of w?
2, 5
Suppose -2*v + 2*x + 20 = 2*v, -x = 2. Suppose 5*s - 49 = -3*r, r + 41 = v*s + 4*r. What are the prime factors of s?
2
Suppose -7*z = -0*z - 210. List the prime factors of z.
2, 3, 5
Let s(i) = -4*i + 18. What are the prime factors of s(-6)?
2, 3, 7
Suppose 3*x = 5*x - 8. Suppose 4*r + x*j - 8 = -0*j, 0 = -2*r + 4*j - 14. List the prime factors of 0 + 10 - (r + 0).
11
Let j = -7 + 11. Let b be (-2)/j*(-5 + -1). Suppose 0 = 4*z - 5*n - 64, b*n = 3*z - 5 - 40. What are the prime factors of z?
11
Let m(s) = -s - 1. List the prime factors of m(-9).
2
Suppose 0 = o + 2*o. Let r = o - -5. What are the prime factors of r?
5
Suppose 44 = 3*h - 1. List the prime factors of h.
3, 5
Let j = 1 + 1. Let c = 8 - j. What are the prime factors of c?
2, 3
Suppose -3*w + 0*w = -48. Suppose -2*m = 5*t - 33, -t - t + w = m. List the prime factors of m.
2, 7
Let u(l) = 31*l**3 + l**2. List the prime factors of u(1).
2
Let z(d) be the second derivative of -d**3/2 - 3*d**2/2 + 2*d. List the prime factors of z(-5).
2, 3
Suppose -192 = 3*p - 5*p. What are the prime factors of p?
2, 3
Suppose 4*g - 5*a - 22 = 93, -g + 37 = -4*a. Suppose -5*d + 13 + g = -4*t, 3*d = 4*t + 18. Let r = -3 + d. What are the prime factors of r?
7
Suppose f + 4*f - 25 = 0. Suppose -2*i + q + 14 = 0, 8 = -2*i - 4*q + 2. Suppose -d - 4*z - 5 = -0*z, i*d + f*z - 5 = 0. What are the prime factors of d?
3
List the prime factors of ((-164)/8 - -1)*-2.
3, 13
Let c be (113/3)/(5/15). Suppose y = -c - 55. List the prime factors of (-3)/15 + y/(-15).
11
What are the prime factors of ((-62)/(-6))/(18/54)?
31
Suppose -5*w + 6 = 4*k - 10, -5*w - 2*k + 8 = 0. Suppose 3*j = -w*j + 6. What are the prime factors of 8 - (0/(-1) - j)?
2, 5
Let k be (-2)/(-8) + 338/(-8). Let q = -16 - k. List the prime factors of q.
2, 13
Let f be 0 - (-2)/(-2) - 18. Let p = 38 + f. List the prime factors of p.
19
Suppose 4*g - 21 = -3*k, 0 = 4*k + 30 - 10. Suppose -d + g + 5 = -s, 4*d - 5*s - 55 = 0. What are the prime factors of d?
3, 5
Let p = -10 + 17. Let a(t) = t**2 - 5*t - 9. What are the prime factors of a(p)?
5
Suppose 2*p = -0*p + 2. Let u be (0/(-3) - p)*0. Suppose u = l - 10 - 1. What are the prime factors of l?
11
Su